he tens digit of n?
2
Suppose m - 41 = -2*u + 49, -4*u + 92 = m. What is the tens digit of m?
8
Let c(w) = 37*w**2 + 2*w - 10. What is the units digit of c(3)?
9
Let r = 201 + -97. What is the units digit of r?
4
Let r(k) = k. Let y(c) be the third derivative of c**5/20 - c**4/8 + c**3/6 + c**2. Let i be y(2). What is the units digit of r(i)?
7
Let l(y) = -y + 3. Let x be l(4). What is the units digit of ((-1)/2)/(x/16)?
8
Let a = -16 + 64. What is the tens digit of a?
4
Let b(x) = 7*x**3 + 2*x**2 - x - 2. What is the units digit of b(2)?
0
Let y = 1 - 3. Let z be (-7)/((2/y)/(-1)). What is the units digit of -2 - z - (1 + -3)?
7
Suppose -14*u - 27 = -11*u. Let q = 32 - u. What is the tens digit of q?
4
Suppose 2*x + p = -0*p + 68, 0 = x + 4*p - 34. What is the tens digit of x?
3
What is the units digit of -4*((-3)/6 + -3)?
4
Let d(j) = -14*j + 4*j**3 - 3*j**3 - 10 + 11*j**2 + 0*j**3. What is the tens digit of d(-12)?
1
Suppose -2*c + 2*r = -52, 83 - 9 = 3*c - 4*r. Suppose -8 = -2*o + c. What is the tens digit of o?
1
Let c be ((-1 - -1) + 1)*4. What is the units digit of c/(-1)*(-28)/8?
4
Let y be 0/((-3 + 1)*1). Suppose -5*c - 4*b = -59, -2*c + 2*b + 38 = -y*c. What is the units digit of c?
5
Let c(m) = -m - 6. Suppose -40 = y + 3*y. What is the units digit of c(y)?
4
Let w = 85 - 51. What is the units digit of w?
4
Suppose 2*n - 20 = 2. Let o = n - 1. What is the tens digit of o?
1
What is the units digit of (10/15)/(3/27)?
6
Let i(f) = f + 1. Let g(s) = 6*s + 8. Let c(w) = -g(w) + 3*i(w). What is the units digit of c(-4)?
7
What is the tens digit of -1 + 4 + (-135)/(-5)?
3
Let x(d) = -d**2 - 5*d + 7. Let t be x(-6). Let u(g) = 3 - t - 6*g - 5. What is the units digit of u(-2)?
9
Let m(l) = l**2 + l - 4. Let v be m(-3). What is the units digit of (-1 - (-9)/6)*v?
1
Suppose -5 - 1 = -3*r. Let j(f) = -f**3 - 4*f**2 + 4*f - 1. Let d be j(-5). What is the units digit of -1*r/d*-6?
3
Let r(b) = b**2 - 4*b - 38. What is the tens digit of r(18)?
1
Let r be 3 + -2 + -1 + 4. Suppose 2*d + 4 = 0, -r*d + d = -p + 12. What is the units digit of p?
6
Suppose 0*q + 5*q + 45 = 4*a, -q - a = 18. Let r = q - -4. Let f = -4 - r. What is the units digit of f?
5
Let i = -24 - -47. Let u = 6 - 3. Suppose 0 = -u*y - 5 + i. What is the units digit of y?
6
Let n(m) = -37*m - 3. Let a be n(-2). Let h = a - 43. What is the tens digit of h?
2
Suppose -2*h - 2*v + 31 = -5*v, -2*v - 34 = -3*h. What is the units digit of h?
8
Let n(h) = 3*h - 3 + 5*h**2 + 0*h**2 + 2*h**2 + h**3. What is the tens digit of n(-6)?
1
Let x be 4/6 - 30/(-9). Let g = x - 14. What is the units digit of 1 + (-2 + g)/(-3)?
5
Let p(b) = -b**3 - 9*b**2 + b + 12. Let x be p(-9). Let v(d) = -d + 5. What is the units digit of v(x)?
2
Let k(f) = f**2 - f + 17. What is the tens digit of k(-7)?
7
Let o(t) = t**3 - 4*t**2 + 5*t - 3. Let q be o(3). Suppose 0 = -y + q*y + 12. Let a = 17 + y. What is the tens digit of a?
1
Suppose 4*d + 22 = 5*q - 19, -2*d - q - 3 = 0. Let f(m) = -m**2 - 10*m - 4. What is the tens digit of f(d)?
2
Let o be 0 - (7 - (0 + 1)). Let u be (32/(-12))/(4/o). What is the units digit of u/10*(2 + 8)?
4
Let i = -5 + 4. What is the tens digit of ((-1)/1)/(i/12)?
1
Suppose -r = 4*d - 168, -3*r + 108 = 4*d - 52. What is the tens digit of d?
4
Let x = 6 - 2. Let g = 19 + x. What is the units digit of g?
3
Suppose 9 + 7 = 4*s. What is the units digit of s?
4
Let h(q) = q**3 + 10*q**2 + 9*q + 1. Let v be h(-9). What is the units digit of -2 - v/(3/(-21))?
5
Let w = 887 + -592. What is the tens digit of w?
9
Let h = 6 + -4. Let g = -24 - -24. Suppose h*r + g = 6. What is the units digit of r?
3
Let s(t) = 5*t**2 + 14*t - 5. Let k(d) = 4*d**2 + 13*d - 5. Let q(p) = -7*k(p) + 6*s(p). What is the units digit of q(4)?
9
Let u be ((-10)/(-5))/((-4)/(-10)). Suppose 0 = -u*d + 13 + 2. What is the units digit of -2*d/(3/(-1))?
2
Suppose -v - w + 112 = 0, -5*v + 3*w = 6*w - 558. What is the tens digit of v?
1
Let b = -48 + 114. What is the units digit of b?
6
Suppose -4*o + 444 = -360. What is the units digit of o?
1
Suppose 10 = 5*z, -558 = -5*y + 4*z + 44. What is the units digit of y?
2
Let a = -5 - -12. Let s be 3/(-3)*(-7 - 1). Let r = s - a. What is the units digit of r?
1
Let b = 3 + -5. What is the units digit of (4/(-10))/(b/30)?
6
Let u(d) = 3*d - 5. Let a be u(4). Let v(c) = 7 + a - c - 2*c + 4*c. What is the units digit of v(-9)?
5
Let j(t) = -t**3 - 6*t**2 - 2*t + 1. Let r be j(-6). Suppose 4 + 1 = -a. Let h = r + a. What is the units digit of h?
8
What is the tens digit of 40/(0 + -2)*-1?
2
Let p(j) = j**2 + 2*j + 10. Let o(a) = -a - 1. Let m(n) = 3*o(n) + p(n). Let l be ((-3)/9*0)/1. What is the units digit of m(l)?
7
Let s be (4 + -12)/(2/(-23)). Let d = s - 66. What is the tens digit of d?
2
Let p = 3 - 6. What is the units digit of 4 - -2 - (-6)/p?
4
Let k(l) = 3*l**2 + 9*l - 25. What is the hundreds digit of k(-9)?
1
What is the units digit of (1 - 8/6)*-207?
9
Suppose -3*o - 84 = -2*p - p, -p - o = -34. What is the units digit of p?
1
Let m(p) = p**2 + 9*p - 5. What is the units digit of m(-10)?
5
Suppose -8*i = -47 - 49. Let f = -8 + 17. Suppose 3*h - f = i. What is the units digit of h?
7
Suppose f - 2 + 1 = 0. Suppose -3*x + 13 - 7 = 0. What is the units digit of f/((-2)/(-20)*x)?
5
Let o = -9 - -12. Suppose 37 = 3*d - 4*j, -2*j = o*j - 10. What is the tens digit of d?
1
Let l(q) = 2*q**2 + 6*q + 7. What is the tens digit of l(7)?
4
Let n = -8 - -27. Let f = -25 - -28. Suppose f = -6*x + x - 2*i, n = -x - 5*i. What is the units digit of x?
1
Let q(g) = -g**3 - 7 + 0*g**3 + 2 + 3*g - 3*g**2. Let v be q(-4). What is the tens digit of v/1 - -2 - -15?
1
Let p be (3 - 2)*2 - -1. Suppose p*v = -2*r + 13, 0*r + 2*r + v = 19. What is the tens digit of r?
1
Let u = -4 + 39. What is the tens digit of u?
3
Let l(j) = -j - j + 4 + 7*j. What is the units digit of l(5)?
9
Suppose -42 = -2*l + 30. What is the tens digit of l?
3
Let k be (37/(-2))/((-7)/(-14)). Let p = -21 - k. What is the units digit of p?
6
Let s(v) = v - 6. Let r(l) = -l + 7. Let c(d) = 4*r(d) + 5*s(d). Let z be c(0). Let y = 6 - z. What is the units digit of y?
8
Let w(x) be the first derivative of x**2 - 4*x - 2. Suppose 0 = -h + 2 + 5. What is the tens digit of w(h)?
1
Suppose -5 = -d + 15. What is the tens digit of d?
2
Suppose -n - 10 = -3*m, -5*n - 2 - 12 = 3*m. Suppose c = -m*z - 34, -z - 49 = c - 2*z. What is the tens digit of (-1 - -3)*c/(-8)?
1
Let q be (-10)/(-25) - 87/5. What is the units digit of 1/3 - q/3?
6
Suppose 0 = u + u - 12. Let b(h) = h + 2. Let s be b(0). What is the units digit of (-3)/u*(s + -8)?
3
Suppose -2*t + 246 = 4*t. What is the tens digit of t?
4
Suppose 0*z + 3*z = 21. Let l = z - 2. What is the units digit of l?
5
Let a(g) = -g**3 - 4*g**2 + 8*g + 13. What is the tens digit of a(-6)?
3
Let b(w) be the third derivative of w**6/120 - w**5/15 + 2*w**3/3 - 3*w**2. Let m be b(3). Let u = 2 - m. What is the units digit of u?
7
Suppose 0 = 6*i - 5*i - 225. What is the hundreds digit of i?
2
Suppose 5*h = -14 + 9. Suppose -5*b + 3*c - 20 = 0, -2*b - 3*b = 5*c - 20. What is the units digit of (b - h/(-1)) + 19?
7
What is the units digit of (-6)/9 + 23/3?
7
Let y(m) = -12*m - 13*m - 2 - 15*m. What is the units digit of y(-1)?
8
Let o be (-8)/12 - (-25)/(-3). Let s be (3/o - -1)*-3. What is the units digit of 6 - s/(-2 - 0)?
5
Suppose h = 152 - 25. What is the tens digit of h?
2
Let r be (1*2)/(-1 + 3). Suppose -5*k - 5*a + 65 = 0, 0*k + 3*a = 2*k - r. What is the units digit of k?
8
Suppose -13*m + 16*m - 42 = 0. What is the units digit of (-3)/(22/m - 2)?
7
Let h be (-33)/6 - (-6)/12. Let c(n) = n**2 + 3*n + 10. What is the units digit of c(h)?
0
Suppose 5*k - 5*j - 263 = -8*j, 4*j + 16 = 0. What is the tens digit of k?
5
Suppose 5*u - 88 = 3*u. What is the units digit of u?
4
Suppose 0 = 3*h - 4*b - 231, -2*h = -h + b - 70. What is the tens digit of h?
7
Suppose 2*a + 2*k = 91 + 47, -1 = k. Suppose 0*d - 5*d = -a. What is the tens digit of d?
1
Let i = -4 + 44. What is the tens digit of i?
4
Suppose 4*s - 399 = -3*s. What is the units digit of s?
7
Suppose -29 = 4*s + 5*k + 4, -5*s = -4*k - 10. Let o = 24 + s. Suppose -q - 28 = -5*v - 0*q, -q + o = 5*v. What is the units digit of v?
5
Let u(